ate the greatest common divisor of 266 and q.
14
Let b be (-144)/396 + (-1148)/(-11). Let q(k) = -7 - 9*k + 5 - 2*k**2 + k**2 - 3. Let y be q(-6). What is the greatest common divisor of b and y?
13
Let u(m) = -35*m**3 + 13*m**2 + 23*m + 3. Let h be u(-2). Suppose 5*p + 22 - h = -3*t, p = 4*t + 35. Calculate the highest common factor of p and 119.
17
Let g be ((312/(-130))/((-15)/(-50)))/(-1). What is the greatest common factor of g and 184?
8
Let p(r) = r**2 - 25*r + 150. Let t be p(9). Let i be 56*11/66*t/4. Calculate the highest common divisor of i and 854.
14
Let u be 6 - (-5 - (11 - 1)). Suppose -u*h + 34 = -386. Calculate the highest common factor of h and 12.
4
Let y(k) = k**2 + 411*k + 2034. Let i be y(-5). Calculate the highest common divisor of i and 2416.
4
Let t = 54088 + -36776. Calculate the greatest common divisor of 96 and t.
32
Let b(z) = z**3 - 14*z**2 + 24*z + 17. Let v be b(12). Suppose 2*t + v = 25. Let u be (18/t)/((-18)/(-84)). Calculate the highest common factor of u and 7.
7
Let n = 34263 - 17937. What is the greatest common factor of n and 18?
18
Suppose 15 = 3*j - 2*x, 3*x = 3*j + 8 - 26. Suppose 0 = j*r - r. Suppose r*b + 42 = 3*b. What is the highest common factor of b and 2?
2
Let b(h) = -17*h + 4. Let n be b(-2). Suppose 0 = 35*c - 31*c - 320. Let s = c + 15. Calculate the greatest common factor of n and s.
19
Let u be (-29 - -30)/(1/1). Suppose 5*v - 44 = k, -3*v - 5*k = -5 + u. Calculate the highest common factor of 220 and v.
4
Suppose 0 = 5*m - o - 0*o + 25, 11 = m + 3*o. Let b be 28/(-21) - m/(-6). Let t be 1 - 13/((2/11)/b). What is the highest common divisor of t and 18?
18
Let x = -114 + 115. Suppose 0 = -6*a + 5*a + x. What is the greatest common factor of a and 29?
1
Let l be 10*(-14 + (-4396)/(-14)). Calculate the highest common divisor of 48 and l.
24
Let y = -243 + 195. Let b be 1/((-36)/544 - 6/y). Calculate the greatest common factor of b and 51.
17
Suppose 352 = 18*h - 2*h. Suppose 0 = -h*k + 62 + 92. Calculate the greatest common factor of k and 112.
7
Let h be (-2)/(4/(-6))*(-6 - 0). Let c be -13*12/(-27) - 4/h. Suppose 0 = 12*f - 7*f - 270. Calculate the greatest common factor of f and c.
6
Let g be -11 + (16/10 - 34/(-85)). Let s be (4 + 0 + -6)*g. What is the highest common factor of 54 and s?
18
Suppose 5*j + l = 68, 0 = -4*j + 7*l - 5*l + 60. Let u(c) = 15*c**2 - 15*c + 2. Let v be u(4). Calculate the greatest common factor of j and v.
14
Let j be (32/(-40))/(4/480). Let n = j - -128. Calculate the highest common divisor of n and 128.
32
Let k be 392/(-6)*-3 + (-4 - 2). What is the greatest common divisor of k and 10?
10
Let u(c) = -c**2 + 19*c + 47. Let v be u(21). Suppose v*a = -335 + 360. What is the highest common divisor of a and 7?
1
Suppose 0 = 19*w + 76*w - 45*w - 1650. Calculate the greatest common divisor of w and 5423.
11
Let w = 71 - 68. Suppose -5*c - 128 - 69 = -3*t, w*t + 3*c = 213. What is the greatest common factor of t and 9?
3
Let p be 48/(-456)*-19 - -102. Calculate the highest common factor of 872 and p.
8
Let w = -12225 + 12248. Calculate the greatest common divisor of 36225 and w.
23
Suppose -k = -5*s - 4*k - 5, -5*s = -2*k + 30. Let l(u) = 2*u + 17. Let w be l(s). What is the greatest common factor of w and 6?
3
Suppose 8 + 16 = 2*u. Let j = -29 - -49. Let p be ((-144)/(-20))/(3/j). Calculate the highest common factor of u and p.
12
Suppose 5*q = 4*n + 712, 4*n = 4*q + 3*n - 574. Suppose 74*i = -100*i + 3132. Calculate the greatest common factor of i and q.
18
Let u be (86 + -120)*(-717 - 0). What is the greatest common divisor of u and 102?
102
Suppose 5*z = -t - 18, t = -4*z - 317 + 303. What is the greatest common factor of t and 264?
2
Suppose 4*s - 5*h = 620 - 157, s + h = 100. Calculate the greatest common factor of s and 4.
1
Let r be -3*28/(-24)*2. Suppose -1 = -r*p - 8. Let k be (-3 - 22/4)/(p/2). Calculate the highest common factor of k and 187.
17
Suppose 3*x + n - 2167 = 0, 2*n - 2168 = -47*x + 44*x. What is the greatest common divisor of x and 247?
19
Suppose -5 = 4*h - 1577. Let x be (-1)/(-4) - h/(-12). Suppose -4*o + 2*b - 3 = -x, -3*o - 2*b = -12. Calculate the greatest common factor of o and 21.
3
Let c(x) = x**2 - 21*x - 158. Let n be c(-16). What is the greatest common divisor of 7 and n?
7
Let q be (1 + -395)*(5 - (-156)/(-12)). Suppose -q*d + 3158*d = 1470. What is the greatest common divisor of 5 and d?
5
Let k be 1 + 10/(-14) + 10000/280. Let z = k - 34. Suppose -3*h = 3*p - 135, -2*h = -4*p + z*h + 204. What is the greatest common divisor of 192 and p?
48
Let l(a) = -2*a**2 + 7*a + 155 + 0*a**3 - 12*a - a**3 + 29 - 5*a. Let h be l(0). What is the greatest common factor of h and 8?
8
Let i(m) = 5*m - 8. Let t be i(3). Suppose 2*p - 10 = 4*s, -4*p - 20 = 5*s - 3*s. Let z be (-4 - -10 - p) + 5. Calculate the highest common factor of t and z.
7
Suppose 5*m = 2*d + 1276, -4*d = 14 - 2. Let g = 57 - 192. Let b = m + g. What is the greatest common divisor of 17 and b?
17
Suppose 36*y + 175*y - 62148 = 183034. What is the greatest common factor of 210 and y?
14
Suppose 0 = -4*x - 21 + 9, -416 = -5*d - 3*x. Suppose -187*o + 2176 = -155*o. Let u = d - o. What is the greatest common divisor of 17 and u?
17
Let d = -2643 + 2786. What is the highest common divisor of 65 and d?
13
Suppose -4*c - 984 = 4*c. Let x = -18 - c. Suppose -33*f = -28*f - x. What is the greatest common divisor of f and 42?
21
Let d(j) = 3*j - 16. Let o = -63 + 97. Suppose 0*g + 24 = 4*z + 4*g, 5*z + g = o. Let l be d(z). Calculate the greatest common divisor of 55 and l.
5
Let g be (15/10)/(2/(-4)). Let x be 1 + -99 - g/(9/6). Let w = 4 - x. Calculate the greatest common divisor of w and 20.
20
Suppose 0 = -13*u + 2209 + 599. Calculate the greatest common divisor of u and 64.
8
Let p = -6523 + 6835. Calculate the greatest common divisor of p and 768.
24
Suppose -12*g - 11*g = 18193. Let q = -751 - g. What is the highest common factor of 190 and q?
10
Let h(x) = -92*x + 297. Let u be h(3). Calculate the greatest common divisor of 1064 and u.
7
Suppose -3*l = 2*c - 30841, 5*c + 5*l - 9*l - 77091 = 0. What is the greatest common divisor of 17 and c?
17
Let j(s) = 4*s**3 - 6*s**2 + 10*s - 11. Let x be j(4). Calculate the highest common factor of 1449 and x.
63
Let q be 32/3*((-44)/(-16) + 4). Suppose 0 = -14*y + 464 - q. What is the highest common divisor of 84 and y?
28
Let b = 800 - 455. Let v be (-2)/(-8) + (b/12 - 1). Calculate the highest common factor of 21 and v.
7
Suppose 0 = -3*v + 9 + 69. Let t = -21 + v. Suppose 3*r + 6*p - 2*p - 168 = 0, -t*r + p = -303. What is the highest common divisor of r and 12?
12
Suppose -222*m = -91*m - 819831 - 447070. Calculate the highest common divisor of 19 and m.
19
Suppose 3*q - 123 = 5*b, -q - 3 = -4*b - 37. Suppose 0*c + 595 = c + 3*y, -c + 601 = -3*y. What is the highest common divisor of c and q?
46
Suppose 49 - 54 = q - 76. What is the highest common factor of q and 923?
71
Let b = 407 - 175. Let d = -24250 - -24337. Calculate the greatest common factor of d and b.
29
Suppose -3*p = 0, -6*q = -3*q - 2*p - 384. What is the highest common divisor of q and 1120?
32
Suppose 0 - 6 = -h. Suppose 737 = 20*p - 283. Suppose 44*x = p*x - 168. Calculate the greatest common divisor of h and x.
6
Suppose 0 = 9*r + 9*r - 486. Suppose -r*t + 5*t = -660. Calculate the greatest common factor of t and 70.
10
Suppose 2*r - 14 = -0*r. Suppose -r*g - 1274 = -33*g. What is the greatest common factor of 49 and g?
49
Let g = -27 + 114. Suppose 42*t = -12*t + 324. Calculate the greatest common divisor of g and t.
3
Let r be 3 + -2 - (86 + -9578). What is the greatest common divisor of r and 11?
11
Let n(b) = b + 1. Let f(t) = 2*t - 8. Let k(o) = f(o) + 8*n(o). Let x be k(1). Let g = 568 + -468. Calculate the greatest common factor of x and g.
10
Suppose k = 2*k - 35. Let h be 94 + 1/5 + (-77)/k. Let l = h - 82. Calculate the highest common factor of l and 4.
2
Let q be ((-153)/6)/((-4)/200). Suppose 120*x - 40*x - 6000 = 0. What is the greatest common divisor of q and x?
75
Let t be (1 - 27)/((-9)/(-63) - 15/7). What is the greatest common factor of t and 3679?
13
Suppose 0*z - 90 = -5*z. Suppose -5*o - 23*o - 84 = 0. Let n be (-2 + (-8)/(-6))*(o - 6). Calc